{"id":35,"date":"2012-10-20T15:01:52","date_gmt":"2012-10-20T15:01:52","guid":{"rendered":"http:\/\/www.fidastreviso.it\/b\/?page_id=35"},"modified":"2021-09-30T21:37:23","modified_gmt":"2021-09-30T20:37:23","slug":"diventare-donatore","status":"publish","type":"page","link":"https:\/\/www.fidastreviso.it\/b\/diventare-donatore\/","title":{"rendered":"Diventare donatore"},"content":{"rendered":"\n<p>Contattaci per diventare donatore. Prenoteremo per te una visita medica presso il centro trasfusionale.<\/p>\n\n\n\n<p>Le visite sono nell&#8217;orario 9.30 &#8211; 9.50 durante la settimana, ti verranno fatti degli esami ed una visita medica per stabilire la tua idoneit\u00e0 alla donazione.<\/p>\n\n\n\n<p>Trascorsi 30 giorni, se la idoneit\u00e0 \u00e8 confermata, potrai fare la tua prima donazione di sangue.<\/p>\n\n\n\n<p>Se sei gi\u00e0 donatore ma in un&#8217;altra provincia dovrai seguire la stessa procedura di abilitazione.<\/p>\n","protected":false},"excerpt":{"rendered":"<p>Contattaci per diventare donatore. Prenoteremo per te una visita medica presso il centro trasfusionale. Le visite sono nell&#8217;orario 9.30 &#8211; 9.50 durante la settimana, ti verranno fatti degli esami ed una visita medica per stabilire la tua idoneit\u00e0 alla donazione. Trascorsi 30 giorni, se la idoneit\u00e0 \u00e8 confermata, potrai fare la tua prima donazione di [&hellip;]<\/p>\n","protected":false},"author":2,"featured_media":0,"parent":0,"menu_order":0,"comment_status":"open","ping_status":"open","template":"","meta":{"_mi_skip_tracking":false,"footnotes":""},"_links":{"self":[{"href":"https:\/\/www.fidastreviso.it\/b\/wp-json\/wp\/v2\/pages\/35"}],"collection":[{"href":"https:\/\/www.fidastreviso.it\/b\/wp-json\/wp\/v2\/pages"}],"about":[{"href":"https:\/\/www.fidastreviso.it\/b\/wp-json\/wp\/v2\/types\/page"}],"author":[{"embeddable":true,"href":"https:\/\/www.fidastreviso.it\/b\/wp-json\/wp\/v2\/users\/2"}],"replies":[{"embeddable":true,"href":"https:\/\/www.fidastreviso.it\/b\/wp-json\/wp\/v2\/comments?post=35"}],"version-history":[{"count":2,"href":"https:\/\/www.fidastreviso.it\/b\/wp-json\/wp\/v2\/pages\/35\/revisions"}],"predecessor-version":[{"id":861,"href":"https:\/\/www.fidastreviso.it\/b\/wp-json\/wp\/v2\/pages\/35\/revisions\/861"}],"wp:attachment":[{"href":"https:\/\/www.fidastreviso.it\/b\/wp-json\/wp\/v2\/media?parent=35"}],"curies":[{"name":"wp","href":"https:\/\/api.w.org\/{rel}","templated":true}]}}